alse
Is 49157306 a multiple of 7?
False
Is 341 a factor of 2584098?
True
Is 1112 a factor of 596797056?
True
Is 40331688 a multiple of 77?
False
Does 67 divide 134785508?
True
Is 36598162 a multiple of 4683?
False
Does 4 divide 151940200?
True
Does 34 divide 6197876246?
False
Is 65 a factor of 17001270?
True
Is 2545023947 a multiple of 4104?
False
Is 375471585 a multiple of 144?
False
Is 657 a factor of 732880872?
True
Does 268 divide 275395728?
True
Is 794 a factor of 7400874?
True
Is 175 a factor of 75678400?
True
Is 229 a factor of 34310014?
False
Is 15 a factor of 61658175?
True
Does 6 divide 1242337956?
True
Does 244 divide 286078589?
False
Does 4291 divide 132767831?
True
Is 65059853 a multiple of 2?
False
Does 240 divide 101118000?
True
Does 13 divide 965046429?
False
Is 269 a factor of 23488123?
False
Is 8 a factor of 281822300?
False
Is 87 a factor of 50886735?
True
Is 2054 a factor of 1261666284?
False
Is 165891525 a multiple of 75?
True
Is 106067866 a multiple of 58?
False
Is 88650094 a multiple of 6?
False
Does 2209 divide 221847698?
False
Is 7358 a factor of 2852612227?
False
Is 19 a factor of 8776803?
True
Does 10 divide 286059580?
True
Is 6091052 a multiple of 44?
True
Is 2575840575 a multiple of 105?
True
Does 349 divide 74423930?
False
Is 763410930 a multiple of 327?
True
Is 59 a factor of 11023855?
True
Is 631711373 a multiple of 739?
False
Is 30222634 a multiple of 221?
True
Is 63248472 a multiple of 756?
True
Is 99582672 a multiple of 12?
True
Is 4945612 a multiple of 14?
True
Does 552 divide 138035328?
True
Does 5 divide 2463460?
True
Is 19994589 a multiple of 690?
False
Is 1090151119 a multiple of 17?
False
Does 144 divide 779432832?
True
Is 261789112 a multiple of 338?
True
Is 2314 a factor of 29432323?
False
Is 11101221 a multiple of 53?
True
Does 2520 divide 8905680?
True
Is 33 a factor of 152356611?
True
Does 10 divide 12675170?
True
Does 7 divide 2515842?
True
Does 30 divide 53341046?
False
Is 1091779770 a multiple of 965?
True
Is 4 a factor of 58260700?
True
Does 11 divide 265390858?
False
Does 3 divide 26215817?
False
Is 221 a factor of 60374327?
True
Is 17 a factor of 411170339?
False
Is 2685808297 a multiple of 1095?
False
Is 74 a factor of 31886575?
False
Does 2168 divide 28684863?
False
Does 608 divide 116891040?
True
Is 3 a factor of 4816820?
False
Does 179 divide 17438538?
True
Is 4902 a factor of 623475576?
True
Does 29 divide 1124559899?
False
Does 1612 divide 22043476?
False
Does 480 divide 506635775?
False
Is 18475648 a multiple of 16?
True
Is 31 a factor of 272301563?
False
Is 213 a factor of 832977892?
False
Does 96 divide 1056646592?
False
Does 8 divide 465098415?
False
Is 13 a factor of 3877302?
True
Does 45 divide 723708525?
False
Does 14 divide 275624272?
True
Is 286604629 a multiple of 3772?
False
Is 2580721 a multiple of 11?
True
Does 233 divide 36247577?
True
Is 668849471 a multiple of 433?
True
Is 36 a factor of 171179591?
False
Is 407 a factor of 10117665?
False
Is 423 a factor of 53628786?
True
Is 57 a factor of 5295745?
False
Does 1511 divide 608543162?
True
Is 252730224 a multiple of 12?
True
Is 5406114 a multiple of 3?
True
Is 1939 a factor of 425505794?
True
Does 186 divide 3794180?
False
Does 1061 divide 63906840?
False
Is 1432704 a multiple of 123?
True
Is 42 a factor of 377916041?
False
Is 26 a factor of 15019004?
True
Does 369 divide 367836537?
False
Is 363250435 a multiple of 17?
False
Is 13 a factor of 2754765?
True
Is 78 a factor of 1425216?
True
Is 402 a factor of 43983624?
True
Is 662990924 a multiple of 49?
False
Is 57668663 a multiple of 118?
False
Does 190 divide 50545320?
True
Is 2 a factor of 12092178?
True
Is 41 a factor of 28621116?
True
Is 239319839 a multiple of 317?
False
Is 144072676 a multiple of 44?
True
Does 8028 divide 1650655817?
False
Does 301 divide 33773404?
True
Is 14 a factor of 51091908?
True
Does 15 divide 7635645?
True
Is 4899 a factor of 4291524?
True
Is 47 a factor of 15814466?
True
Is 367 a factor of 1489142503?
True
Is 41757499 a multiple of 1379?
True
Is 10 a factor of 706667490?
True
Is 67 a factor of 15038351?
True
Is 135000320 a multiple of 57?
False
Is 96 a factor of 1206454?
False
Is 1247 a factor of 1256145221?
False
Is 4652320 a multiple of 10?
True
Is 476755416 a multiple of 2078?
False
Is 52902680 a multiple of 802?
False
Is 3612877923 a multiple of 13330?
False
Is 27600499 a multiple of 158?
False
Is 1068 a factor of 1111769844?
True
Is 125773499 a multiple of 303?
False
Is 2127268 a multiple of 13?
True
Is 324860202 a multiple of 5322?
True
Is 2519 a factor of 92238223?
True
Does 17 divide 103551471?
True
Does 62 divide 433434635?
False
Does 117 divide 12434842?
False
Does 714 divide 955810131?
False
Does 74 divide 167992584?
False
Is 168 a factor of 51762312?
True
Is 3816 a factor of 1959577056?
True
Does 26 divide 8939840?
True
Is 74742954 a multiple of 2?
True
Is 120 a factor of 332882520?
True
Is 1932 a factor of 1936047540?
True
Is 52 a factor of 467544249?
False
Does 6872 divide 1509139304?
True
Does 263 divide 619565143?
True
Is 281 a factor of 78258781?
True
Is 6 a factor of 246801590?
False
Is 5 a factor of 190805490?
True
Does 2881 divide 81134722?
True
Is 28 a factor of 50353902?
False
Is 9 a factor of 238189387?
False
Is 194763920 a multiple of 637?
False
Is 136727441 a multiple of 2959?
False
Is 6 a factor of 1151462?
False
Is 2198 a factor of 20067740?
True
Is 49552205 a multiple of 35?
False
Does 6 divide 210553662?
True
Is 121 a factor of 136891598?
False
Is 437 a factor of 44922289?
True
Is 20 a factor of 70293775?
False
Is 49689376 a multiple of 44?
True
Is 38055432 a multiple of 46?
True
Does 1005 divide 242750715?
True
Does 389 divide 740351714?
False
Is 23047451 a multiple of 51?
False
Does 303 divide 342480597?
True
Is 16 a factor of 62199824?
True
Does 7942 divide 1467007285?
False
Is 12191520 a multiple of 110?
True
Is 390 a factor of 183873611?
False
Is 289110714 a multiple of 1847?
False
Is 1570 a factor of 34846150?
True
Does 204 divide 17739840?
True
Does 16 divide 1686259803?
False
Does 18 divide 12889191?
False
Is 107 a factor of 8894073?
False
Is 22 a factor of 749235320?
False
Is 223 a factor of 15690918?
False
Is 5 a factor of 10349054?
False
Does 890 divide 2901828980?
True
Is 55074802 a multiple of 8?
False
Is 200184272 a multiple of 974?
True
Is 1403 a factor of 9294430?
False
Is 1174 a factor of 6297619?
False
Is 564527350 a multiple of 218?
True
Does 175 divide 7854525?
True
Is 1604 a factor of 1228060496?
False
Is 420350757 a multiple of 489?
True
Does 97 divide 115453377?
True
Is 119036480 a multiple of 1588?
True
Does 10358 divide 1888594856?
True
Is 1069 a factor of 96568115?
True
Is 7 a factor of 321277628?
True
Is 7 a factor of 9773190?
True
Does 16 divide 39339312?
True
Is 18628592 a multiple of 4?
True
Does 2618 divide 18620015?
False
Is 17 a factor of 171722685?
False
Is 67433555 a multiple of 1015?
True
Does 520 divide 61737335?
False
Does 981 divide 13111371?
False
Is 739 a factor of 4006119?
True
Does 132 divide 105764568?
False
Is 99 a factor of 117234117?
True
Does 4200 divide 1717573628?
False
Does 2037 divide 293427813?
True
Is 1597944187 a multiple of 53?
False
Is 8 a factor of 29640711?
False
Does 2529 divide 35519805?
True
Does 8 divide 54279656?
True
Is 2769532 a multiple of 2296?
False
Does 304 divide 165144352?
True
Is 17 a factor of 311512658?
True
Does 324 divide 199231837?
False
Does 2036 divide 73896620?
True
Is 28 a factor of 1250697560?
True
Does 153 divide 4627246?
False
Is 840 a factor of 30885389?
False
Is 516 a factor of 24268801?
False
Does 415 divide 422688814?
False
Does 9002 divide 183926031?
False
Does 17 divide 15363767?
True
Does 3939 divide 730578147?
True
Is 11517591 even?
False
Is 560645897 a multiple of 2473?
False
Is 205949632 a multiple of 1973?
True
Is 152424768 a multiple of 192?
True
Is 5122320 a multiple of 105?
True
Is 852 a factor of 45998475?
False
Is 2554 a factor of 212806942?
True
Is 505 a factor of 396981510?
True
Is 7227 a factor of 2863046000?
False
Is 160411062 a multiple of 69?
True
Does 65 divide 157590295?
False
Is 55 a factor of 134393891?
False
Is 310 a factor of 190392390?
True
Does 23 divide 2057209584?
False
Does 4363 divide 22442835